{"id":248,"date":"2012-02-12T04:53:34","date_gmt":"2012-02-12T04:53:34","guid":{"rendered":"http:\/\/karateakl.ch\/?page_id=248"},"modified":"2013-10-14T10:22:31","modified_gmt":"2013-10-14T10:22:31","slug":"photos","status":"publish","type":"page","link":"https:\/\/karateakl.ch\/?page_id=248","title":{"rendered":"Photos"},"content":{"rendered":"<h3>Dans cette rubrique sont stock\u00e9es les photos de nos \u00e9v\u00e9nements.<\/h3>\n<ul>\n<li><a title=\"Stage des Diablerets\" href=\"http:\/\/karateakl.ch\/?page_id=16\">Stage des Diablerets<\/a><\/li>\n<li><a title=\"Stage Romorantin\" href=\"http:\/\/karateakl.ch\/?page_id=564\">Stage Romorantin<\/a><\/li>\n<li><a title=\"Stage Papendal\" href=\"http:\/\/karateakl.ch\/?page_id=884\">Stage Papendal<\/a><\/li>\n<li><a title=\"Stage Benasque\" href=\"http:\/\/karateakl.ch\/?page_id=891\">Stage Benasque<\/a><\/li>\n<li><a title=\"Divers\" href=\"http:\/\/karateakl.ch\/?page_id=227\">Divers<\/a><\/li>\n<li><a title=\"Casse\" href=\"http:\/\/karateakl.ch\/?page_id=392\">Casse<\/a><\/li>\n<\/ul>\n","protected":false},"excerpt":{"rendered":"<p>Dans cette rubrique sont stock\u00e9es les photos de nos \u00e9v\u00e9nements. Stage des Diablerets Stage Romorantin Stage Papendal Stage Benasque Divers Casse<\/p>\n","protected":false},"author":1,"featured_media":0,"parent":0,"menu_order":0,"comment_status":"closed","ping_status":"open","template":"","meta":{"ngg_post_thumbnail":0,"footnotes":""},"class_list":["post-248","page","type-page","status-publish","czr-hentry"],"_links":{"self":[{"href":"https:\/\/karateakl.ch\/index.php?rest_route=\/wp\/v2\/pages\/248"}],"collection":[{"href":"https:\/\/karateakl.ch\/index.php?rest_route=\/wp\/v2\/pages"}],"about":[{"href":"https:\/\/karateakl.ch\/index.php?rest_route=\/wp\/v2\/types\/page"}],"author":[{"embeddable":true,"href":"https:\/\/karateakl.ch\/index.php?rest_route=\/wp\/v2\/users\/1"}],"replies":[{"embeddable":true,"href":"https:\/\/karateakl.ch\/index.php?rest_route=%2Fwp%2Fv2%2Fcomments&post=248"}],"version-history":[{"count":9,"href":"https:\/\/karateakl.ch\/index.php?rest_route=\/wp\/v2\/pages\/248\/revisions"}],"predecessor-version":[{"id":1062,"href":"https:\/\/karateakl.ch\/index.php?rest_route=\/wp\/v2\/pages\/248\/revisions\/1062"}],"wp:attachment":[{"href":"https:\/\/karateakl.ch\/index.php?rest_route=%2Fwp%2Fv2%2Fmedia&parent=248"}],"curies":[{"name":"wp","href":"https:\/\/api.w.org\/{rel}","templated":true}]}}