{"id":364,"date":"2012-07-23T13:47:40","date_gmt":"2012-07-23T13:47:40","guid":{"rendered":"http:\/\/karateakl.ch\/?page_id=364"},"modified":"2023-04-30T11:30:00","modified_gmt":"2023-04-30T09:30:00","slug":"inscription","status":"publish","type":"page","link":"https:\/\/karateakl.ch\/?page_id=364","title":{"rendered":"Inscription"},"content":{"rendered":"<p>Nous n&rsquo;effectuons pas d&rsquo;inscription en ligne, pour la simple raison que le 1er mois est gratuit.<\/p>\n<p style=\"text-align: justify;\">Pour&nbsp; commencer, vous pouvez nous contacter&nbsp; par email,&nbsp; par t\u00e9l\u00e9phone, ou vous pr\u00e9senter directement au dojo.<\/p>\n<p>A la fin du mois gratuit vous d\u00e9ciderez de vous inscrire d\u00e9finitivement ou de nous quitter.<\/p>\n<p style=\"text-align: justify;\">Cette mani\u00e8re de faire vous permets de tester&nbsp; la qualit\u00e9 de notre enseignement et d&rsquo;appr\u00e9cier l&rsquo;ambiance g\u00e9n\u00e9rale. En plus vous pouvez venir en simple tenue de sport, sans proc\u00e9der \u00e0 des achats d&rsquo;\u00e9quipements imm\u00e9diats, qui d\u00e9pendront de votre future d\u00e9cision.<\/p>\n<p>personnes de contact:<\/p>\n<p>pr\u00e9sident: henri jotterand 079 601 15 52, <a href=\"mailto:henri.jotterand@tvtmail.ch\">henri.jotterand@tvtmail.ch<\/a><\/p>\n<p>secr\u00e9tariat: Monique Bettinger 076 373 70 50 ou 021 691 70 50 ou <a href=\"mailto:monique.bettinger@tvtmail.ch\">monique.bettinger@tvtmail.ch<\/a><\/p>\n","protected":false},"excerpt":{"rendered":"<p>Nous n&rsquo;effectuons pas d&rsquo;inscription en ligne, pour la simple raison que le 1er mois est gratuit. Pour&nbsp; commencer, vous pouvez nous contacter&nbsp; par email,&nbsp; par t\u00e9l\u00e9phone, ou vous pr\u00e9senter directement au dojo. A la fin du mois gratuit vous d\u00e9ciderez de vous inscrire d\u00e9finitivement ou de nous quitter. Cette mani\u00e8re de faire vous permets de [&hellip;]<\/p>\n","protected":false},"author":1,"featured_media":0,"parent":0,"menu_order":0,"comment_status":"closed","ping_status":"open","template":"","meta":{"ngg_post_thumbnail":0,"footnotes":""},"class_list":["post-364","page","type-page","status-publish","czr-hentry"],"_links":{"self":[{"href":"https:\/\/karateakl.ch\/index.php?rest_route=\/wp\/v2\/pages\/364"}],"collection":[{"href":"https:\/\/karateakl.ch\/index.php?rest_route=\/wp\/v2\/pages"}],"about":[{"href":"https:\/\/karateakl.ch\/index.php?rest_route=\/wp\/v2\/types\/page"}],"author":[{"embeddable":true,"href":"https:\/\/karateakl.ch\/index.php?rest_route=\/wp\/v2\/users\/1"}],"replies":[{"embeddable":true,"href":"https:\/\/karateakl.ch\/index.php?rest_route=%2Fwp%2Fv2%2Fcomments&post=364"}],"version-history":[{"count":11,"href":"https:\/\/karateakl.ch\/index.php?rest_route=\/wp\/v2\/pages\/364\/revisions"}],"predecessor-version":[{"id":2930,"href":"https:\/\/karateakl.ch\/index.php?rest_route=\/wp\/v2\/pages\/364\/revisions\/2930"}],"wp:attachment":[{"href":"https:\/\/karateakl.ch\/index.php?rest_route=%2Fwp%2Fv2%2Fmedia&parent=364"}],"curies":[{"name":"wp","href":"https:\/\/api.w.org\/{rel}","templated":true}]}}